8)). Suppose 0 = -3*a - 8*w + d*w + 120, 2*a = 5*w + 69. What is the greatest common factor of a and 105?
21
Let t = -102 - -179. Let k = 294 - 272. Calculate the highest common divisor of t and k.
11
Let z = -11 - -19. Suppose 4*q + 0*q = -z. Let l = 17 + q. What is the greatest common divisor of 30 and l?
15
Suppose 0 = 265*d - 36790 - 5610. Calculate the highest common factor of 110 and d.
10
Let p(k) = -k**3 + 10*k**2 + 12*k + 21. Let c be p(11). Suppose -9*y = -5*y - c. What is the greatest common divisor of y and 128?
8
Let v = -17 + 52. Suppose -17*q = 40 - 210. Calculate the greatest common factor of v and q.
5
Suppose 0 = 114*g + 121*g - 231*g - 4428. What is the highest common factor of g and 108?
27
Let j = 159 + -159. Suppose -5*p + 5*k + 465 = j, 5*p + 0*p - 3*k = 459. Calculate the highest common factor of p and 18.
18
Let c(b) = -121*b + 5 + 52 + 102*b. Let h be c(0). Calculate the greatest common factor of 76 and h.
19
Suppose -2*n - 36 + 20 = -a, 37 = 2*a - 5*n. Suppose -5*w + 2030 = 5*s - 0*s, -1994 = -5*w + 4*s. What is the greatest common factor of a and w?
6
Let z be 294/15 - (-4)/10. Suppose 150 = -7*t + 1690. Calculate the highest common divisor of t and z.
20
Let a be ((-15522)/((-117)/(-9)))/(5/((-520)/6)). Calculate the greatest common divisor of 78 and a.
26
Let j(z) be the third derivative of z**5/60 + 17*z**4/24 - 11*z**3/6 - 11*z**2 - 2. Let w be j(-19). Calculate the greatest common divisor of 99 and w.
9
Let y(v) = 324*v - 14448. Let t be y(45). Suppose 658 = 4*c + 2*x - x, 3*x = -c + 159. Calculate the highest common factor of c and t.
33
Let r be (-705)/(-20)*(12/36 + 1). Let v(m) = 63*m - 1. Let z be v(3). What is the highest common divisor of z and r?
47
Let t = 203 - 255. Let o = t + 252. What is the greatest common factor of 160 and o?
40
Let f = -696 - -1200. Suppose 26*k = 18*k + f. What is the greatest common factor of 18 and k?
9
Let r(i) = -i + 5. Let v be r(2). Suppose -v*b + 4*j = -6740, 0*j = -3*j - 15. Suppose 0 = 11*g - 6*g - b. Calculate the greatest common divisor of g and 56.
56
Let i(f) = f**3 - 6*f**2 + 16*f + 33. Let k be ((-81)/(-18))/(3/6). Let y be i(k). What is the highest common factor of y and 180?
60
Let p(r) = 4*r**2 + 4*r**2 - 8*r + 71 + r - r. Let j be p(5). Calculate the greatest common divisor of 21 and j.
21
Let h(q) = 171*q - 15. Let k(r) = -57*r + 5. Let n(t) = 3*h(t) + 8*k(t). Let j be n(10). Suppose j + 884 = 7*o. What is the highest common divisor of 23 and o?
23
Let x = 20 - 9. Suppose -12*v + 8*v = -5*n - 4271, -v + 1070 = n. Let i = v + -1036. Calculate the greatest common factor of x and i.
11
Let v(k) = 2*k**2 + 7*k - 273. Let c be v(-15). What is the highest common factor of c and 3006?
18
Let w(y) = y**2 + y - 7. Let l be w(-5). Let o be 520 + -10 + (16 - (-209)/(-11)). What is the greatest common factor of o and l?
13
Suppose 3*m - 444 = 12*s - 17*s, 0 = 4*s + 2*m - 356. What is the highest common divisor of s and 15570?
90
Let p(z) = z**2 - z - 246. Let h be p(18). Calculate the highest common divisor of h and 10.
10
Let w be 0 - 1 - 62*(-4)/8. Let g be 438/90 - (-4)/w. Let m = 138 - 83. What is the greatest common divisor of g and m?
5
Let c(m) = -m**2 - 4*m - 4. Let a be c(-2). Suppose a = 3*s + 1 - 4. Let g be 10/(-45) + (-112)/(-18) + s. What is the highest common divisor of g and 14?
7
Let k(a) = a**3 + 24*a**2 + 72*a + 63. Let s be k(-4). Let j be 230/3 - (-4)/(-6). Calculate the highest common factor of j and s.
19
Let p be (-57)/(-133) + 0 - (-8159)/7. What is the highest common factor of 44 and p?
22
Let y = 201537 + -201515. Suppose -2*u + 44 = 4*j, j + 2*j = 2*u + 33. Calculate the greatest common divisor of y and j.
11
Suppose 13*k + 4*z = 14*k + 362, -5*k + 3*z - 1895 = 0. Let a = k - -385. What is the highest common divisor of a and 8?
1
Suppose -350 = -5*q - 2*q. Let r be 10/q - (144/(-5) - 1). Let z = r + -20. What is the greatest common divisor of 50 and z?
10
Let j = 17053 + -16028. Calculate the highest common factor of j and 75.
25
Let h(d) = -27*d - 17*d + 125 + 55*d. Let u be h(-10). What is the greatest common divisor of u and 3?
3
Suppose -18873 = -12*z - 3405. Suppose c = -0*f - 4*f + 244, 5*c - z = 3*f. What is the greatest common divisor of c and 8?
8
Suppose 4*k = 5*k - 4*z + 7, k + z = -32. Let l(y) = -3*y - 73. Let o be l(k). Let g = 43 + 69. What is the highest common divisor of o and g?
8
Suppose -35*j - 4264 + 58059 = 0. Calculate the highest common factor of 261 and j.
29
Suppose -67*x + 6208 - 2344 = 2*x. What is the greatest common divisor of x and 8330?
14
Suppose 0 = 4*n + 58 - 838. Let d = -13041 + 13106. What is the highest common factor of d and n?
65
Suppose -1170 + 1266 = 24*u. Let i be 2 + -3 + -2 + 5. What is the greatest common factor of u and i?
2
Let o = -454 + 187. Let g = -176 - o. What is the greatest common factor of 13 and g?
13
Suppose 554 = 3*b + 494. Calculate the highest common divisor of b and 1675.
5
Let s = -37 - -81. Suppose -5 - 7 = -3*w. Suppose 0 = w*x - 67 + 23. What is the highest common factor of s and x?
11
Let m be (-35 - -21) + 62*17. Calculate the greatest common divisor of 32 and m.
16
Suppose -41 - 553 = 6*l. Let u = l + 106. What is the highest common divisor of 175 and u?
7
Suppose 2*n + 5*r - 228 = 0, 5*n = -3*r + 325 + 264. Calculate the highest common factor of n and 3808.
119
Let m = -11457 + 11715. Calculate the highest common divisor of 3999 and m.
129
Suppose 0 = -5*l + 3*l + 6. Let j = -268 - -943. Suppose 56*y - 837 = j. What is the highest common divisor of l and y?
3
Suppose 25*h + 4179 - 4372 = 11507. What is the greatest common divisor of 342 and h?
18
Let g be (0 - -5) + (-564)/12. Let j = g + 51. Let w(s) = s**3 + 9*s**2 - 11*s. Let v be w(-9). Calculate the greatest common divisor of v and j.
9
Let h = -1038 - -1071. Suppose -5 = 2*i - 3*i. Suppose -69 = i*b - 564. What is the highest common divisor of b and h?
33
Suppose i = -32 + 35. Suppose i*b = z - 4 - 10, -3*z = -2*b - 28. Calculate the highest common factor of 40 and z.
8
Let m = 405 - -3. Let r = m - 393. Calculate the highest common divisor of 30 and r.
15
Suppose -192 + 188 = -24*v + 1532. What is the greatest common divisor of 400 and v?
16
Let p = -7875 + 9171. Calculate the greatest common divisor of p and 486.
162
Suppose 10*l + 89 - 29 = 0. Let p be (-10)/(4 + 6/6*l). Let f be (0 + 7)/((-1)/(-5)). What is the greatest common factor of p and f?
5
Let f(s) = 5*s**2 + 653*s - 325. Let m be f(-134). What is the highest common factor of 4185 and m?
279
Let j be (-2)/4*-2*(18 + -8). Let s(y) = 3*y**2 + y + 6. Let l(i) = -4*i - 19. Let k be l(-4). Let m be s(k). Calculate the highest common factor of j and m.
10
Let p(r) = r**3 - 6*r**2 + 9*r - 3. Let o be p(6). Suppose -q = -2*m + 169, 7 = 2*m + 2*q - 165. What is the highest common divisor of m and o?
17
Let b = -4981 - -5179. What is the greatest common divisor of 4653 and b?
99
Let a = 891 - 1199. Let n(t) = -38*t**2 + 2*t + 2. Let i be n(-2). Let f = i - a. What is the highest common divisor of f and 14?
14
Let f be 15/70*2 - (-150)/42. Let a be (1 - (-5 + f)) + 750. What is the highest common factor of a and 8?
8
Let w(r) = 84*r + 380. Let m be w(-4). Calculate the greatest common factor of m and 8624.
44
Suppose h = 412 - 126. Let j = h + -193. Let z = j + -8. What is the greatest common factor of 17 and z?
17
Let v be 24/5*80/48. Suppose 0 = v*h + 32*h - 2400. Calculate the greatest common factor of 12 and h.
12
Let l be (-44)/6 + (-40)/(-30). Let y be 61/6 - l*(-8)/288. Calculate the highest common divisor of 135 and y.
5
Let f = -1559 - -1787. Calculate the highest common divisor of f and 15276.
228
Let p be 32756/342 + 12/54. Calculate the highest common factor of 1792 and p.
32
Let l = -4661 + 4921. Calculate the greatest common factor of 440 and l.
20
Suppose -42 = -3*h - 0. Let j be 108/h + (-8)/(-28). Suppose -3*s - 825 = -j*s. What is the greatest common divisor of 15 and s?
15
Suppose -171*r + 192*r = 1617. Suppose 0 = o + 8 - 63. Calculate the greatest common factor of o and r.
11
Let q(l) = 5*l + 40. Let z be q(-9). Let c be -5 + 50/z*-5. Let p(t) = -t**3 - 6*t**2 + 3*t + 2. Let x be p(-7). Calculate the highest common factor of x and c.
15
Le